d (base 15) to base 10.
-8098
-111001 (base 2) to base 12
-49
What is -aa36 (base 11) in base 2?
-11100011011111
Convert -22132 (base 4) to base 16.
-29e
What is -1010110000 (base 2) in base 10?
-688
149 (base 15) to base 11
248
Convert -100100111 (base 2) to base 5.
-2140
Convert 242124 (base 5) to base 13.
4164
What is -100111 (base 2) in base 15?
-29
Convert -523 (base 7) to base 12.
-19a
-c4c (base 14) to base 8
-4564
What is 3617 (base 13) in base 10?
7625
Convert 133232 (base 4) to base 6.
13222
What is 1232331 (base 4) in base 3?
100202000
Convert 2000100 (base 3) to base 2.
10110111011
Convert 2323 (base 7) to base 16.
352
Convert 22023 (base 5) to base 15.
6ad
What is -20220121 (base 3) in base 2?
-1001110101110
What is -1221221 (base 3) in base 13?
-85c
What is 21 (base 4) in base 16?
9
-11121210 (base 4) to base 9
-33303
Convert 9b7 (base 16) to base 4.
212313
52224 (base 9) to base 8
103217
-122110212 (base 3) to base 11
-9632
-246b (base 13) to base 11
-3970
-32230 (base 4) to base 9
-1254
Convert 100212201 (base 3) to base 12.
4201
Convert -4020240 (base 5) to base 4.
-33211030
Convert -100111001100011 (base 2) to base 7.
-112335
Convert -620 (base 15) to base 8.
-2544
What is -14325 (base 7) in base 11?
-2a61
Convert -2200 (base 5) to base 6.
-1220
Convert -7dd (base 15) to base 8.
-3367
What is 221011201 (base 3) in base 15?
5687
What is -20e (base 15) in base 10?
-464
Convert -6d4 (base 15) to base 8.
-3015
4424 (base 5) to base 11
509
Convert -472 (base 12) to base 16.
-296
What is 1012224 (base 5) in base 11?
11499
What is 7052 (base 8) in base 12?
2122
-1270 (base 11) to base 10
-1650
-89 (base 15) to base 13
-9c
-3986 (base 10) to base 5
-111421
46235 (base 7) to base 2
10111000001010
What is 110101111 (base 2) in base 8?
657
Convert cc7 (base 13) to base 5.
32231
-1334132 (base 6) to base 11
-51213
5ab (base 13) to base 14
506
What is 433231 (base 6) in base 9?
54011
Convert 14512 (base 6) to base 14.
bda
What is -2231011 (base 4) in base 16?
-2b45
What is 1010011010 (base 2) in base 11?
556
Convert -51425 (base 9) to base 6.
-420505
What is -1505 (base 6) in base 9?
-485
200a (base 12) to base 4
312022
Convert -7791 (base 12) to base 13.
-6025
What is -12707 (base 8) in base 10?
-5575
3424 (base 6) to base 12
574
1011 (base 5) to base 6
335
-615 (base 13) to base 16
-408
Convert 33c (base 16) to base 8.
1474
Convert 213 (base 15) to base 6.
2100
Convert 4010 (base 5) to base 12.
361
2e81 (base 15) to base 14
391b
What is 102221122 (base 3) in base 13?
3c71
What is 10427 (base 11) in base 16?
3b32
What is -880d (base 16) in base 13?
-12b12
What is 10101101000100 (base 2) in base 4?
2231010
What is 1100100000 (base 2) in base 3?
1002122
What is 328 (base 15) in base 7?
2036
What is 20021 (base 4) in base 8?
1011
What is 2581 (base 12) in base 9?
5767
Convert 1641 (base 14) to base 2.
111110001001
-32879 (base 10) to base 5
-2023004
-615 (base 8) to base 12
-291
-24113 (base 5) to base 13
-a72
Convert -1552 (base 16) to base 15.
-193d
10442 (base 5) to base 16
2eb
-290 (base 16) to base 13
-3b6
Convert -101211 (base 4) to base 7.
-3165
Convert -140432 (base 5) to base 3.
-21212200
-10110100011 (base 2) to base 6
-10403
-823 (base 9) to base 8
-1235
-7b7 (base 13) to base 2
-10100110101
-77b (base 13) to base 7
-3514
What is ca (base 14) in base 9?
217
Convert -11053 (base 8) to base 6.
-33311
What is 24123 (base 6) in base 12?
2043
Convert 1029 (base 12) to base 9.
2366
Convert 1002310 (base 4) to base 5.
114101
1200 (base 11) to base 5
22243
451 (base 12) to base 5
10022
What is -1210010 (base 3) in base 4?
-110103
What is 1437 (base 12) in base 7?
6562
-668 (base 16) to base 6
-11332
Convert 34124 (base 5) to base 4.
211232
-11514 (base 8) to base 5
-124230
What is -10110100010110 (base 2) in base 15?
-3647
Convert 110 (base 8) to base 10.
72
What is 89aa (base 12) in base 5?
442000
-1252 (base 12) to base 2
-100000011110
-2432 (base 9) to base 4
-130103
Convert -5141 (base 7) to base 3.
-2110102
What is f30c (base 16) in base 12?
30010
804 (base 9) to base 6
3004
What is -170d (base 15) in base 16?
-1363
1416 (base 7) to base 16
228
What is 442301 (base 5) in base 14?
582a
-14a50 (base 16) to base 7
-501350
What is 273 (base 9) in base 10?
228
What is -61a (base 12) in base 14?
-474
What is -ce8 (base 16) in base 8?
-6350
Convert 33334 (base 5) to base 9.
3184
Convert -a8b0 (base 15) to base 8.
-105603
Convert 357 (base 8) to base 2.
11101111
-15c1 (base 15) to base 6
-33401
1011100001000011 (base 2) to base 8
134103
-3244 (base 11) to base 14
-17bd
What is -387 (base 9) in base 13?
-1ba
Convert -11c (base 15) to base 14.
-140
What is -1110011101 (base 2) in base 10?
-925
-73478 (base 9) to base 10
-48509
Convert 321432 (base 5) to base 10.
10867
1001111010 (base 2) to base 14
334
Convert -a88 (base 14) to base 11.
-1621
142 (base 10) to base 15
97
What is 27a0 (base 14) in base 4?
1231120
b97 (base 12) to base 5
23244
Convert 3012343 (base 5) to base 3.
2102122011
Convert -18426 (base 9) to base 14.
-4901
What is -306 (base 12) in base 6?
-2010
Convert 1220202 (base 3) to base 2.
10101110101
341 (base 10) to base 15
17b
ca96 (base 15) to base 13
166a4
What is -19584 (base 10) in base 8?
-46200
Convert -a730 (base 11) to base 2.
-11011101101110
2488 (base 10) to base 5
34423
-96a4 (base 14) to base 5
-1313031
-100345 (base 7) to base 8
-41133
What is -1035 (base 7) in base 3?
-111200
Convert -4a38 (base 16) to base 7.
-106252
3135 (base 6) to base 14
387
What is 3a1 (base 12) in base 8?
1051
Convert 310011 (base 6) to base 16.
6037
Convert 145645 (base 8) to base 2.
1100101110100101
-10435 (base 6) to base 12
-a1b
10021011 (base 3) to base 6
15004
What is -a7a (base 13) in base 15?
-7e6
-40012 (base 7) to base 16
-258d
What is -122211222 (base 3) in base 7?
-52640
What is -135 (base 6) in base 16?
-3b
What is 77b9 (base 15) in base 16?
631e
-107 (base 13) to base 12
-128
What is 28a20 (base 11) in base 5?
2304122
What is -7271 (base 10) in base 4?
-1301213
What is 5425 (base 8) in base 7?
11162
Convert -1bba (base 16) to base 11.
-5373
-115c (base 16) to base 15
-14b4
1114422 (base 5) to base 2
100111000010011
What is -30 (base 10) in base 8?
-36
Convert 181a0 (base 11) to base 13.
b801
What is -4310 (base 5) in base 3?
-210111
What is -213122 (base 5) in base 8?
-16167
What is 12543 (base 8) in base 4?
1111203
127 (base 14) to base 12
173
Convert 8ca (base 13) to base 15.
6b3
Convert -10c8b (base 15) to base 3.
-2201022212
Convert -305230 (base 7) to base 6.
-1041531
What is -39a1 (base 13) in base 3?
-102022022
-133 (base 6) to base 5
-212
What is 4c39 (base 13) in base 9?
15811
What is 43233 (base 5) in base 11?
2236
-266 (base 13) to base 14
-222
Convert 2200 (base 4) to base 13.
c4
What is 30a (base 16) in base 13?
47b
bba (base 14) to base 4
210100
10005 (base 9) to base 11
4a2a
-881 (base 9) to base 6
-3201
-48c (base 13) to base 6
-3400
Convert -686 (base 13) to base 6.
-5112
-1001100000011 (base 2) to base 16
-1303
-34442 (base 5) to base 11
-1970
2334203 (base 5) to base 9
65046
301222 (base 5) to base 8
22532
161 (base 14) to base 5
2111
Convert -2112002 (base 3) to base 15.
-828
-1d5 (base 16) to base 7
-1240
What is 71a (base 14) in base 13?
835
Convert 4295 (base 10) to base 2.
1000011000111
313423 (base 5) to base 11
7975
What is -3607 (base 11) in base 13?
-21c7
-1de (base 15) to base 10
-434
133 (base 16) to base 9
371
Convert 5867 (base 14) to base 4.
3300103
What is 1773a (base 11) in base 16?
6110
Convert 30207 (base 8) to base 6.
133303
What is 16a72 (base 12) in base 7?
164063
10662 (base 7) to base 10
2739
1214 (base 7) to base 10
452
1112211 (base 3) to base 2
10001101001
What is cac4 (base 14) in base 2?
1000100011110100
What is 653 (base 9) in base 15?
259
What is 971 (base 13) in base 11?
1237
-34025 (base 8) to base 5
-424412
b0a (base 13) to base 14
977
What is -23374 (base 9) in base 12?
-9057
1333 (base 11) to base 8
3302
Convert 114 (base 11) to base 6.
344
1305 (base 15) to base 2
111111010111
What is -20122202 (base 3) in base 15?
-1688
What is 2628 (base 9) in base 8?
3662
5450 (base 10) to base 15
1935
2105 (base 11) to base 8
5344
Convert -10311000 (base 5) to base 9.
-144045
767